hat is the units digit of (35/(-14))/((-1)/m)?
5
Let j(c) = -c**3 - 6*c**2 + 4*c - 10. Suppose -5*k - 5 = -5*l, 4*l = -16 - 4. Let s be k - 0 - (-1 + 2). What is the units digit of j(s)?
1
Suppose -3*z - 53 = 5*f, 2*z + 7*f - 3*f + 32 = 0. Let g be 8/28 + z/(-7). What is the units digit of (1 - 2)/1 + g?
3
Suppose 5*b - 314 = -4*p, p - 146 - 180 = -5*b. What is the units digit of b?
6
Let f = -1 - 9. Let l = f + 14. What is the units digit of l?
4
Suppose -6*g + 13*g = 126. What is the tens digit of g?
1
Let n(f) = 4*f**3 + 3*f**2 - 2*f + 2. Let m be n(2). Let r = m - 25. What is the tens digit of r?
1
Let d(s) = 7*s**2 + 4*s + 9. What is the tens digit of d(-5)?
6
Let b(y) be the first derivative of y**4/4 + 2*y**3 + 3*y**2/2 + 3*y + 2. What is the tens digit of b(-4)?
2
Let s = -14 - -14. Suppose 5*t + 24 - 169 = s. What is the tens digit of t?
2
What is the tens digit of (3/((-12)/2))/(1/(-178))?
8
Suppose -6*j = -2*j - 72. Suppose -j = -3*s - 6. What is the units digit of s?
4
Let m = 45 - 22. What is the tens digit of m?
2
Suppose -27 + 2 = -5*u. Let z be (u + 1)*2/2. Suppose -y = -2*v + z, -5*v + 53 - 16 = 3*y. What is the units digit of v?
5
Let x(h) = 17*h**2 + 2*h - 2. What is the units digit of x(2)?
0
Suppose -2*q + 73 = 3*c, -2*q + 3*c + 52 = -c. What is the units digit of q?
2
Let m = -27 + 67. Suppose s + 4*s = m. What is the units digit of (s/12)/((-2)/(-18))?
6
Suppose -5*b + 5*t = -835, b - 2*t - 175 = t. What is the tens digit of b?
6
Suppose -2*h + 129 = -3. What is the units digit of h?
6
Let c = 6 - -57. Let u = -41 + c. What is the units digit of u?
2
Let r(b) be the second derivative of b**5/20 + b**4/3 - 3*b**2/2 + 2*b. What is the units digit of r(-3)?
6
Suppose 0 = q + 3*k - 3, -5*q + 61 = -2*q - 4*k. Suppose -p + q = 2*p. What is the units digit of p?
5
What is the hundreds digit of 124 - (4/4 - 1)?
1
Let y(h) = h**2 - 17*h + 10. Let b be y(17). Suppose -4 - 6 = -4*a + 2*o, -4*a = 2*o + 10. Suppose b = 2*c - a. What is the units digit of c?
5
Let s(g) = -g**2 - 5*g - 3. Let o be s(-4). Suppose -o = l - 5. What is the units digit of l?
4
Let l = -13 - 48. Let d = 87 + l. What is the tens digit of d?
2
Suppose 3*j = -2*q + 143, 3*q + 27 + 51 = 2*j. Let r = j - 16. What is the units digit of r?
9
Let l(s) = 20*s**2 - s - 2. Let p be l(-2). Suppose -2*w + p = 3*i - 55, -w = 5*i - 225. What is the tens digit of i?
4
Suppose -6*c + 68 = -2*c. What is the units digit of c?
7
Suppose 4*k = -k. Suppose 3*w - 7 - 23 = k. What is the units digit of w?
0
Suppose -2*a + 3*a = 4. What is the units digit of a?
4
Let m(r) = -3*r**2 + 11 + r**3 + r**2 + 3*r**2 - 1. Let u be m(0). Let y(n) = -n**3 + 10*n**2 + n - 4. What is the units digit of y(u)?
6
Suppose -4*u - i + 42 = -3*i, 0 = -5*u - 5*i + 45. Suppose 0 = -u*r + 5*r + 15. Suppose 3*g + r*q = -0*g + 12, 5*g - 60 = 3*q. What is the units digit of g?
9
Suppose -5*h + 115 = 5*y, -4*y - 6*h + 101 = -5*h. What is the units digit of y?
6
Let h(r) = -r**2 + 4*r + 5. Let u be h(5). Suppose u = -5*k + 2*c, -6*k = -k + 5*c - 35. Suppose 6 + 0 = k*y. What is the units digit of y?
3
Let g = -1 + 4. What is the units digit of (14/8)/(g/12)?
7
What is the units digit of 6/2 - (-759)/11?
2
Let g be (-32)/(-6)*(-171)/(-12). Suppose b - g = -3*b. What is the units digit of b?
9
Suppose -2*g - 15 = -1. Let w(d) = -d - 3. Let j be w(g). What is the units digit of 30/j + 5/10?
8
Suppose -61 = -3*g - 22. Let q = 16 - g. What is the units digit of q?
3
Let l = 203 - 105. What is the tens digit of l?
9
Suppose -4*r + 3*r = -23. Suppose 5*y - 92 - r = 0. What is the units digit of y?
3
Let o = 91 + -55. Let b = 60 - 36. Suppose -4*r = -b - o. What is the units digit of r?
5
Let a(z) = 56*z**2 + 8*z + 20. What is the tens digit of a(-2)?
2
Suppose 0 = s - 2*s + 9. What is the units digit of s?
9
Suppose 23 = c - 2*c. Let z = 40 + c. Suppose -4*y = -5*l + z, -y - 12 = 3*y. What is the units digit of l?
1
Let y = -8 + -8. Let j = y - -30. What is the units digit of j?
4
Let z be 5 - (-3)/(6/(-4)). Let x(o) = -o**2 + 3*o + 4. What is the units digit of x(z)?
4
Let d(j) = j**3 + 17*j**2 - 27*j - 21. What is the hundreds digit of d(-18)?
1
Let h(v) = 2*v + 48. What is the units digit of h(23)?
4
Let c be 18/(-8) - (-4)/16. Let q = 9 + -8. What is the units digit of c - -3*(1 + q)?
4
Suppose 11*u - 1414 = 4*u. What is the units digit of u?
2
What is the tens digit of (-6 + 3 + -1)*-5?
2
Let v = -3 - 1. What is the units digit of ((-3)/v)/(3/60)?
5
Let x(g) = -g + 1. Let q be x(-1). Suppose -8 = -2*o - q. What is the units digit of o?
3
Suppose -4*z = -z. Suppose 4*q - 13 + 1 = z. What is the units digit of q?
3
Let w = -2 + 5. Suppose -w*u - 4*v = -53, 5 = u - 4*v - v. What is the tens digit of u?
1
Let x be ((-2 + 4)*-11)/(-2). What is the units digit of x/(44/192) - -1?
9
Let k = -110 + 275. What is the units digit of k?
5
Let s(c) = 3*c + 2. Let j = 5 - 3. Let f(x) = -x - 1. Let v(q) = j*s(q) + 5*f(q). What is the units digit of v(4)?
3
Let d = -4 + 8. Suppose 2*k + 2*l = k + 11, 4*l - d = 4*k. Suppose 2*b - 3*m - 62 = -k*b, -3*b + 2*m + 37 = 0. What is the units digit of b?
3
Let d = -28 + 54. What is the units digit of d?
6
Let v(n) = 16*n**3 + n**2 - 2*n + 1. Let i(b) = -b + 6. Let y be i(5). What is the units digit of v(y)?
6
Let i(c) = c**3 - 3*c**2 - 1. Let o(s) = s**3 + s**2. Let y(p) = -i(p) + 2*o(p). What is the units digit of y(-5)?
1
Suppose -5*d = -2*d + 36. Let y = -9 - d. What is the units digit of y?
3
Let x = -192 - -469. What is the hundreds digit of x?
2
Let m be (-12)/7*(-14)/4. What is the tens digit of 3/(-9) + 80/m?
1
Suppose 2*x - 6*u + 2*u - 26 = 0, 3*x + 5*u - 50 = 0. What is the tens digit of x?
1
Let o = -33 - 10. Let a = o + 72. What is the units digit of a?
9
Suppose 11*t - 816 = 15*t. What is the tens digit of (-2)/6 - t/18?
1
Let g(l) = 14*l + 10. Let p be g(8). Let w = -77 + p. What is the units digit of w?
5
Suppose 4*q + 0*n + 16 = n, 4 = -q - 3*n. Let t be q/16 + 14/(-8). What is the units digit of (0 - (2 + t)) + 7?
7
Let z(y) = -y**3 - 4*y**2 - y - 1. Let a be z(-4). Suppose a*g + t + 0*t - 35 = 0, -3*g + 5*t + 23 = 0. What is the tens digit of g?
1
Let n = -18 + 32. Suppose -3*r + 15 = d, -3*r + 1 + n = 4*d. Suppose v - 2*v + 8 = d. What is the units digit of v?
8
Suppose 0 = -143*v + 146*v - 411. What is the tens digit of v?
3
Let u(f) = -f**2 + 6*f + 3. Let i be u(6). Suppose 4 = i*v - 2*v. What is the units digit of v/(2*-1)*-2?
4
Suppose -3*x = 0, 4*d + 3*x = -6 + 22. Suppose 0 = -d*n + 182 - 46. What is the tens digit of n?
3
Let g(j) = j + 14. Let w be g(-9). Suppose -w*v = -50 - 50. What is the units digit of v?
0
Suppose -3*i + 4*y - 157 = 0, 4*y = 5*i + 173 + 102. Let s = 31 + i. What is the units digit of ((-3)/(-6))/((-2)/s)?
7
Let g be (8 + 0 - 4)*1. Suppose -5*u + 143 = g*z, -2*u + 148 = 4*z + 2*u. What is the units digit of z?
2
Suppose -s + 2*w + 0*w = -147, 2*s + 3*w = 294. What is the hundreds digit of s?
1
Let c(j) = -5*j. Let k be c(-1). Suppose -k = 3*x - 0*z - 4*z, 5 = -x + 2*z. Suppose x*o - a = 23, 0 = 5*o + a + 9 - 36. What is the units digit of o?
5
Suppose 5*k = 738 - 153. Suppose j = -2*j + k. What is the tens digit of j?
3
Suppose -4*g = 9 + 19. What is the units digit of (g/(-28))/((-2)/(-136))?
7
Let g(f) = -f**3 - f**2 + 3*f - 1. Let p = -8 + 5. What is the units digit of g(p)?
8
Suppose 5*z = -3*m + 2*m + 14, 5*m - 16 = 2*z. Suppose -c - 3 = 5*i - m, c = -4*i + 2. What is the units digit of c?
6
Let s = 55 - 33. What is the units digit of s/(-6)*(1 + -4)?
1
Suppose 2*d - 30 = -r, -87 + 258 = 5*r + 3*d. What is the tens digit of r?
3
Let l = -62 + 130. What is the units digit of l?
8
What is the hundreds digit of 1*-2 + (-924)/(-6)?
1
Let r be (2/(-4))/((-3)/(-90)). Let a = -5 - r. What is the tens digit of a?
1
Suppose -l = -19 - 131. What is the units digit of l?
0
Let y(d) = -d**2 - 4*d + 3. Suppose -13 = -4*j - 1. Let q be y(j). Let k = -9 - q. What is the units digit of k?
9
Let z = -36 + -7. Let i = -30 - z. What is the tens digit of i?
1
Let b(r) = r**3 + 5*r**2 + 3*r - 1. Suppose 2*d = q + 4, 4*q + 13 = 5*d + 3. Suppose -20 = 4*w + w - u, -5*w - 5*u - 20 = q. What is the units digit of b(w)?
3
Let b = 7 - -4. What is the unit